{"id":118,"date":"2024-12-30T09:40:46","date_gmt":"2024-12-30T06:40:46","guid":{"rendered":"http:\/\/www.turargroup.com\/?page_id=118"},"modified":"2024-12-30T09:51:26","modified_gmt":"2024-12-30T06:51:26","slug":"faaliyet-alanlari","status":"publish","type":"page","link":"http:\/\/www.turargroup.com\/?page_id=118","title":{"rendered":"Faaliyet Alanlar\u0131"},"content":{"rendered":"\n<p><a href=\"http:\/\/www.turargroup.com\/faaliyet-alanlari\/\">Sayfay\u0131 g\u00f6r\u00fcnt\u00fcle<\/a><\/p>\n","protected":false},"excerpt":{"rendered":"<p>Sayfay\u0131 g\u00f6r\u00fcnt\u00fcle<\/p>\n","protected":false},"author":1,"featured_media":0,"parent":0,"menu_order":0,"comment_status":"closed","ping_status":"closed","template":"","meta":{"footnotes":""},"class_list":["post-118","page","type-page","status-publish","hentry"],"_links":{"self":[{"href":"http:\/\/www.turargroup.com\/index.php?rest_route=\/wp\/v2\/pages\/118","targetHints":{"allow":["GET"]}}],"collection":[{"href":"http:\/\/www.turargroup.com\/index.php?rest_route=\/wp\/v2\/pages"}],"about":[{"href":"http:\/\/www.turargroup.com\/index.php?rest_route=\/wp\/v2\/types\/page"}],"author":[{"embeddable":true,"href":"http:\/\/www.turargroup.com\/index.php?rest_route=\/wp\/v2\/users\/1"}],"replies":[{"embeddable":true,"href":"http:\/\/www.turargroup.com\/index.php?rest_route=%2Fwp%2Fv2%2Fcomments&post=118"}],"version-history":[{"count":2,"href":"http:\/\/www.turargroup.com\/index.php?rest_route=\/wp\/v2\/pages\/118\/revisions"}],"predecessor-version":[{"id":139,"href":"http:\/\/www.turargroup.com\/index.php?rest_route=\/wp\/v2\/pages\/118\/revisions\/139"}],"wp:attachment":[{"href":"http:\/\/www.turargroup.com\/index.php?rest_route=%2Fwp%2Fv2%2Fmedia&parent=118"}],"curies":[{"name":"wp","href":"https:\/\/api.w.org\/{rel}","templated":true}]}}